k - 64. Suppose k = 2*w + z, 4*w + z - 46 = w. What is the highest common factor of 154 and w?
14
Let g(a) be the second derivative of -a**5/20 + 5*a**4/12 - a**3/6 + 3*a**2 + 2*a + 30. Let i be g(3). What is the greatest common divisor of 294 and i?
21
Let q(w) = 6*w - 32. Let x be q(5). Let i(t) = -16*t**3 - t**2 + 5*t + 6. Let y be i(x). Calculate the greatest common divisor of y and 24.
24
Suppose 6*s - 14 = 4. Suppose 8 = 4*n, 5*w - 3*n - 69 = -0*n. Suppose s*t = 4*t - w. What is the greatest common factor of t and 165?
15
Let b = -16 + 39. Suppose -5*z = a - 31, 2*a - b = a - 3*z. Calculate the greatest common factor of a and 99.
11
Let n be (-75)/(-9)*3*114. Calculate the greatest common factor of n and 75.
75
Let b(t) = t**3 - 7*t**2 + 10*t - 16. Suppose 4*y + 3 - 31 = 0. Let g be b(y). Suppose -g = -h - 2*h. What is the highest common divisor of 54 and h?
18
Let f(o) = -7*o - 9*o + 2*o**2 + 4*o + 5. Let y be f(13). What is the greatest common factor of 17 and y?
17
Let o(z) = 4*z**2 + 6*z. Let r be o(-6). Suppose 3*s - 6*n - 138 = 0, -2*s = 4*n - 33 - 19. What is the greatest common divisor of r and s?
36
Suppose -20*b - 153 = -3*o - 17*b, 4*o + 4*b - 204 = 0. Calculate the greatest common divisor of 1173 and o.
51
Let j be (-2)/(-3) + 43/3. Let x be 3 + -2*1/2*-269. Suppose 28 = 10*k - x. What is the greatest common divisor of k and j?
15
Let t = -194 - -205. What is the greatest common divisor of 88 and t?
11
Let h be (14/(-3) + 3)/((-275)/330). What is the greatest common factor of h and 17?
1
Let p be (-2)/16 - 3871/(-56). Calculate the highest common divisor of p and 92.
23
Let r(v) be the second derivative of -5*v**3/6 + 9*v**2/2 - 18*v. Let f be r(0). Suppose w - 33 = 39. What is the greatest common divisor of w and f?
9
Let v be ((4/(-2))/(-2))/(-1)*-12. Suppose -3 = -4*o + 3*o. What is the highest common factor of o and v?
3
Let l = 19 + -31. Let g be 86/8 - l/48. Calculate the highest common divisor of 44 and g.
11
Suppose 0 = s - 6*s + 15. Suppose 4*l - j - 52 = s*j, 49 = 3*l - j. Let n be (-10)/(-4) + (5/(-2) - (54 - 56)). Calculate the highest common divisor of n and l.
2
Suppose 19*a + 740 = 4*v + 15*a, 5*v = 2*a + 931. Calculate the greatest common factor of 153 and v.
17
Suppose 51*n + 1344 = 59*n. What is the greatest common divisor of n and 273?
21
Let t = -124 - -223. Let m(l) = -l**3 + 17*l**2 + 9. Let b be m(17). What is the greatest common divisor of t and b?
9
Suppose 432 = 5*d - 108. Let p be d*(4 - 4/6). Calculate the greatest common factor of 40 and p.
40
Let a be -6*((-6)/(-3) - -1). Let m be (-292)/a - (-2)/(-9). Let f be ((-6)/15)/(1/(-10)). What is the greatest common factor of f and m?
4
Let k be ((-3728)/2330)/((-2)/(171 + -1)). What is the greatest common divisor of 51 and k?
17
Suppose -14 = l - 17. Let z(h) = -2*h**2 + 6*h - 3. Let f be z(l). Let y(b) = -17*b - 3. Let w be y(f). Calculate the greatest common factor of w and 12.
12
Let p = -9 - -137. Suppose 0 = 3*i - p - 169. Calculate the highest common factor of 11 and i.
11
Let b be (-16812)/(-48) + (-2)/8. Suppose 2*g - b = -3*g. What is the greatest common divisor of g and 28?
14
Let i(x) = 44*x**2 + 27*x + 119. Let g be i(-4). Calculate the greatest common divisor of 65 and g.
65
Let x be 0/2 - (0 - 10/1). What is the greatest common divisor of 5 and x?
5
Let s(a) = 3*a + 4. Let q be s(12). Let r(v) = v**2 - 2*v - 8. Let m be r(6). Calculate the greatest common divisor of m and q.
8
Suppose 4*z + 51 = 131. Let g(s) = s**3 + 7*s**2 + 6*s. Let a be g(-5). Calculate the greatest common divisor of z and a.
20
Let r = 5 + 8. Let o = 15 - r. Suppose o*y + 25 = 65. Calculate the highest common factor of 10 and y.
10
Let y(r) = -2*r**3 - 3*r**2 - 1. Let z be y(-3). Let w = 189 + -223. Let l be (-4)/w - 1341/(-17) - 1. Calculate the greatest common divisor of l and z.
26
Suppose -7*f + 1 = -6. Let j be (-18)/45*(-9 - f). Let y be ((-6)/7)/((-3)/42). Calculate the greatest common factor of j and y.
4
Let y be (2 + 24/(-10))*-5. Suppose 0 = -y*p + 2, -7 = z - 4*p - 42. Suppose -125 = -12*n + 31. Calculate the highest common divisor of n and z.
13
Let d(n) = 9*n**2 - 19*n - 44. Let m be d(-2). Calculate the highest common divisor of 230 and m.
10
Suppose 0 = c + 3*c + 5*f - 470, 3*c + 5*f - 355 = 0. Suppose 0 = -3*j + 51 + 87. What is the highest common divisor of c and j?
23
Suppose -2*o - 4*q + 36 = q, 4*o = q + 50. What is the highest common divisor of 299 and o?
13
Let m(k) = k**2 + 7*k - 86. Let c be m(-14). Calculate the greatest common divisor of 268 and c.
4
Let y be (1 + -10)/(6 - (-76)/(-12)). What is the highest common factor of y and 51?
3
Suppose -201 = -f - 41. Calculate the highest common divisor of f and 40.
40
Let k(z) = -476*z**3 - 2*z**2 + 2*z + 4. Let q be k(-1). Calculate the greatest common divisor of 68 and q.
68
Let g(m) = 5*m**2 - 21*m - 4. Let v be g(5). Calculate the greatest common divisor of 72 and v.
8
Let g(l) be the first derivative of -89*l**3/3 + l**2/2 + 2*l - 14. Let w be g(-1). Let o = w + 220. Calculate the greatest common factor of 12 and o.
12
Suppose 5*v - 12 = -4*s, -4*s + 6 = -5*v - 6. Suppose j - 32 = -s*b, 4*b = 2*j + 32 - 136. Calculate the highest common factor of 264 and j.
44
Let o(s) be the first derivative of 0*s**3 + s**3 + 14 - 16 - 3*s**2. Let p be o(4). What is the greatest common divisor of 168 and p?
24
Suppose -5*s = -2*i + 4*i - 717, -5*s + 718 = 3*i. Suppose 9 = -3*n, -g - s = -5*g + 5*n. What is the highest common divisor of 16 and g?
16
Let o be (-3)/(-15) - (514/(-5) + -2). Let d = o - 81. Calculate the highest common factor of 3 and d.
3
Let j be (-464)/(-120) - 4/(-30). Let q = 8 - j. Suppose 3*n = q*f + 411, -2*n + 3*f = 5*f - 260. What is the greatest common factor of 19 and n?
19
Suppose -4 - 4 = -2*n. Let o be (-126)/(-10) + n/10. Let h(g) = -g**3 - 6*g**2 - 11. Let j be h(-8). What is the greatest common factor of o and j?
13
Let y(b) = -2*b + 4. Let s be y(7). Let g = s + 8. Let l be 39 - 1 - 4/g. What is the highest common divisor of 8 and l?
8
Suppose 4*r - 32 = -k + 3, -5*r + 46 = 2*k. Let m be (24/15)/(1/10). What is the highest common divisor of m and r?
8
Suppose -j + 28 = -w + 2*j, 0 = -2*j + 2. Suppose -5*q - 123 = -4*l + l, 5*l + 128 = -4*q. Let b = w - q. What is the greatest common factor of 10 and b?
2
Let p = 48 - 51. Let v be ((-34)/p - 0)/((-32)/(-528)). What is the greatest common factor of 17 and v?
17
Suppose -2*q + q = -20. Let d = -6 + 73. Let j = -17 + d. What is the greatest common divisor of j and q?
10
Let x = 5 - 1. Suppose n = x*n - 204. Let m = -349 + 366. What is the highest common factor of m and n?
17
Let b = 1035 + -905. What is the highest common factor of 10 and b?
10
Let h = -2 - -4. Suppose h*x = x. Suppose 0 = -r + 6 - x. What is the highest common divisor of 24 and r?
6
Let q be (12 - 4) + 18 + -1. Calculate the highest common divisor of 15 and q.
5
Let t = 12 - 6. Suppose -2357 - 3463 = -122*u + 8088. Calculate the greatest common divisor of t and u.
6
Let z = 126 - 85. Let u = 1 + z. Suppose -2*k + 0*k = -u. What is the highest common factor of k and 21?
21
Let q = -9 - -12. Let f(c) = 35*c**2 + 2*c. Let x be f(-1). What is the greatest common factor of q and x?
3
Let x = 12 + 7. Let d = x - -21. Calculate the highest common factor of d and 16.
8
Suppose 0*q - q + 13 = -2*m, -3*m = 5*q - 78. Calculate the greatest common factor of 30 and q.
15
Let w = -102 + 157. What is the highest common factor of w and 5?
5
Suppose 39 = -26*p + 611. What is the highest common divisor of 88 and p?
22
Suppose 0*u - 385 = -5*u. Suppose 0 = 21*z - 24*z - 123. Let m = 48 + z. What is the highest common factor of m and u?
7
Let p be (-60)/8*(7 + -19). What is the highest common factor of 54 and p?
18
Let i be 28/182 - (-1088)/26. Let f(m) = 15*m**2 - 2. Let r be f(2). Suppose 5*x = i + r. What is the highest common divisor of x and 5?
5
Let o = -18 + 20. Suppose -4*a = o*v - 164 - 94, 0 = -4*v + 12. Let s = a - 34. What is the highest common factor of 116 and s?
29
Let a(d) be the second derivative of -2*d**3 - 25*d**2/2 + 9*d. Let y be a(-3). What is the greatest common factor of 11 and y?
11
Let u = 160 + -100. Suppose 3*z = 3*k - 51, -6*z - 3 = k - 3*z. What i